{"id":34,"date":"2020-08-22T21:42:50","date_gmt":"2020-08-22T21:42:50","guid":{"rendered":"http:\/\/localhost\/wordpress\/?page_id=34"},"modified":"2026-03-18T23:14:25","modified_gmt":"2026-03-18T22:14:25","slug":"geschichte-der-garde-der-stadt-bad-ischl","status":"publish","type":"page","link":"https:\/\/garde-der-stadt-bad-ischl.at\/?page_id=34","title":{"rendered":"Geschichte der Garde der Stadt Bad Ischl"},"content":{"rendered":"\n<p>Am Freitag, 24. Juni 1966 stellte sich die \u201eJunge Garde der Stadt Bad Ischl\u201c erstmals im Rahmen der 500-Jahr-Feier zur Markterhebung Bad Ischl 1466-1966 im Kongresshaus Bad Ischl der \u00d6ffentlichkeit vor. Beim am Sonntag, 26. Juni stattfindenden Festumzug marschierte die Garde erstmals mit. Der 1. Zug in der Gardeuniform, der 2. Zug im Schwerttanzgewand. Am selben Abend wurde auch erstmals nach jahrzehntelanger Pause der Schwerttanz in Ischl aufgef\u00fchrt.<\/p>\n\n\n\n<p>Zweck und Zielsetzung der Garde war und ist nach den Satzungen die Pflege und F\u00f6rderung des Heimatgedankens und des Brauchtums, insbesondere der Traditionen Ischls und des Ischlerlandes.<\/p>\n\n\n\n<p>Die Gardetracht besteht aus einer Kombination der Uniform der Garde von 1848 und dem Kaiserrock von Kaiser Franz Josef. Wichtigster Unterschied zur Garde von 1848 ist, dass jene eine bewaffnete Garde war, die \u201eJunge Garde\u201c nicht.<\/p>\n\n\n\n<p>Bereits im Entstehungsjahr 1966 veranstaltete die Garde den ersten Salzkammergut Kathreintanz, damals noch im Kurhausst\u00fcberl. Schon damals spielte die \u201eSimon-Geigen-Musi\u201c. Im Jahr 1962 1967 fand der Kathreintanz aufgrund des gro\u00dfen Andrangs im gro\u00dfen Kurhaussaal statt.<\/p>\n\n\n\n<figure class=\"wp-block-image size-large\"><img loading=\"lazy\" decoding=\"async\" width=\"1024\" height=\"693\" src=\"https:\/\/garde-der-stadt-bad-ischl.at\/wp-content\/uploads\/2020\/09\/Garde-Praesentation-1024x693.jpg\" alt=\"Garde der Stadt Bad Ischl Pr\u00e4sentation der Gardeuniform beim Kathreintanz 1966\" class=\"wp-image-52\" srcset=\"https:\/\/garde-der-stadt-bad-ischl.at\/wp-content\/uploads\/2020\/09\/Garde-Praesentation-1024x693.jpg 1024w, https:\/\/garde-der-stadt-bad-ischl.at\/wp-content\/uploads\/2020\/09\/Garde-Praesentation-300x203.jpg 300w, https:\/\/garde-der-stadt-bad-ischl.at\/wp-content\/uploads\/2020\/09\/Garde-Praesentation-768x520.jpg 768w, https:\/\/garde-der-stadt-bad-ischl.at\/wp-content\/uploads\/2020\/09\/Garde-Praesentation-1536x1040.jpg 1536w, https:\/\/garde-der-stadt-bad-ischl.at\/wp-content\/uploads\/2020\/09\/Garde-Praesentation.jpg 1900w\" sizes=\"auto, (max-width: 1024px) 100vw, 1024px\" \/><figcaption class=\"wp-element-caption\">Pr\u00e4sentation der Gardeuniform beim Kathreintanz 1966<\/figcaption><\/figure>\n\n\n\n<p>1968 besuchten schon mehr als &nbsp;350 G\u00e4ste den Salzkammergut Kathreintanz.<\/p>\n\n\n\n<p>Somit feierte die Garde 2006 anl\u00e4sslich des Kathreintanzes nicht nur ihr 40j\u00e4hriges Bestehen, sondern auch den 40. Salzkammergut Kathreintanz.<\/p>\n\n\n\n<p>1967 gab die Junge Garde erstmals die Ischler Faschingszeitung heraus, welche seither jedes Jahr am Faschingsamstag im Stadtgebiet von Bad Ischl verkauft wird. Ein wesentlicher Teil des Reinerl\u00f6ses wird bed\u00fcrftigen Personen in Ischl und karitativen Organisationen zugef\u00fchrt.<\/p>\n\n\n\n<figure class=\"wp-block-image size-large\"><img loading=\"lazy\" decoding=\"async\" width=\"1024\" height=\"734\" src=\"https:\/\/garde-der-stadt-bad-ischl.at\/wp-content\/uploads\/2020\/09\/Garde-Faschingszeitung-Verkauf-1967-1024x734.jpg\" alt=\"Garde der Stadt Bad Ischl Verkauf der 1. Ischler Faschingszeitung 1967\" class=\"wp-image-43\" srcset=\"https:\/\/garde-der-stadt-bad-ischl.at\/wp-content\/uploads\/2020\/09\/Garde-Faschingszeitung-Verkauf-1967-1024x734.jpg 1024w, https:\/\/garde-der-stadt-bad-ischl.at\/wp-content\/uploads\/2020\/09\/Garde-Faschingszeitung-Verkauf-1967-300x215.jpg 300w, https:\/\/garde-der-stadt-bad-ischl.at\/wp-content\/uploads\/2020\/09\/Garde-Faschingszeitung-Verkauf-1967-768x550.jpg 768w, https:\/\/garde-der-stadt-bad-ischl.at\/wp-content\/uploads\/2020\/09\/Garde-Faschingszeitung-Verkauf-1967-1536x1100.jpg 1536w, https:\/\/garde-der-stadt-bad-ischl.at\/wp-content\/uploads\/2020\/09\/Garde-Faschingszeitung-Verkauf-1967.jpg 1900w\" sizes=\"auto, (max-width: 1024px) 100vw, 1024px\" \/><figcaption class=\"wp-element-caption\">Verkauf der 1. Faschingszeitung 1967<\/figcaption><\/figure>\n\n\n\n<p>Am Samstag, 14. J\u00e4nner 1978 fand in den Sofiens\u00e4len in Wien der \u201eBall der Ober\u00f6sterreicher in Wien\u201c statt. Der Festakt stand unter dem Motto \u201aBad Ischl, das Herz des Salzkammergutes\u2019. Es war f\u00fcr die Garde eine Ehre, den Schwerttanz auff\u00fchren zu d\u00fcrfen.<\/p>\n\n\n\n<p>In den folgenden Jahren kam es immer wieder zu Einladungen, welche an die Garde ergingen, um den Schwerttanz aufzuf\u00fchren. So zum Beispiel 1995 anl\u00e4sslich der Bayrischen Landesausstellung &#8222;Salz-Macht-Geschichte&#8220; in Bad Reichenhall oder 1999 zum 50 Jahr-Jubil\u00e4um der Firma Trachten Tostmann in Schloss Kammer.<\/p>\n\n\n\n<p>In den 1990er Jahren erfolgte eine Statuten\u00e4nderung, welche es m\u00f6glich machte, dass Gardisten ab Erreichen des 40. Lebensjahres nicht mehr automatisch in den Passiv Status versetzt wurden. Bis dahin war man bis 40 aktives, ab dann passives Gardemitglied. Folglich wurde auch der Vereinsname auf \u201eGarde der Stadt Bad Ischl\u201c ge\u00e4ndert.<\/p>\n\n\n\n<p>Seither wurde der Ischler Schwerttanz in vielen Bundesl\u00e4ndern \u00d6sterreichs bis ins angrenzende Passau verst\u00e4rkt beworben und bekannt gemacht. Die Auftritte wurden meistens mit einem j\u00e4hrlichen Gardeausflug verbunden. Diese f\u00fchrten unter anderem bis Thurn in Sachsen, Opatija in Kroatien und Meran in S\u00fcdtirol.<\/p>\n\n\n\n<p>Heute pr\u00e4sentiert sich die Garde der \u00d6ffentlichkeit mit der Durchf\u00fchrung des Kathreintanzes, dem immer ein Volkstanzkurs vorausgeht, dem Verkauf der Faschingszeitung und der Auff\u00fchrung des Ischler Schwerttanzes.<\/p>\n\n\n\n<p>Im Jahr 2016 feierte die Garde der Stadt Bad Ischl das 50-j\u00e4hrige Bestehen.<\/p>\n\n\n\n<p>Mit der Einf\u00fchrung des Hauptmann-Triumvirates J\u00f6rg Sams \u2013 Alexander Bittner \u2013 J\u00f6rg Lemmerer anl\u00e4sslich der au\u00dferordentlichen Sitzung (im Anschluss an die Jahreshauptversammlung) vom 5.11.1999 wurde die Obmannfolge jahrelang beibehalten. 2023 zog sich Alexander Bittner vom Vorstand zur\u00fcck.<\/p>\n\n\n\n<figure class=\"wp-block-image size-large\"><img loading=\"lazy\" decoding=\"async\" width=\"1024\" height=\"682\" src=\"https:\/\/garde-der-stadt-bad-ischl.at\/wp-content\/uploads\/2025\/03\/Garde_Vorstand_ab_2023-klein-1024x682.jpg\" alt=\"Garde der Stadt Bad Ischl, Vorstand ab 2023\" class=\"wp-image-1432\" srcset=\"https:\/\/garde-der-stadt-bad-ischl.at\/wp-content\/uploads\/2025\/03\/Garde_Vorstand_ab_2023-klein-1024x682.jpg 1024w, https:\/\/garde-der-stadt-bad-ischl.at\/wp-content\/uploads\/2025\/03\/Garde_Vorstand_ab_2023-klein-300x200.jpg 300w, https:\/\/garde-der-stadt-bad-ischl.at\/wp-content\/uploads\/2025\/03\/Garde_Vorstand_ab_2023-klein-768x511.jpg 768w, https:\/\/garde-der-stadt-bad-ischl.at\/wp-content\/uploads\/2025\/03\/Garde_Vorstand_ab_2023-klein-1536x1022.jpg 1536w, https:\/\/garde-der-stadt-bad-ischl.at\/wp-content\/uploads\/2025\/03\/Garde_Vorstand_ab_2023-klein.jpg 1600w\" sizes=\"auto, (max-width: 1024px) 100vw, 1024px\" \/><figcaption class=\"wp-element-caption\">Aktueller Garde Vorstand ab 2023: J\u00f6rg Lemmerer (li), J\u00f6rg Sams (re)<\/figcaption><\/figure>\n\n\n\n<p><\/p>\n","protected":false},"excerpt":{"rendered":"<p>Am Freitag, 24. Juni 1966 stellte sich die \u201eJunge Garde der Stadt Bad Ischl\u201c erstmals im Rahmen der 500-Jahr-Feier zur Markterhebung Bad Ischl 1466-1966 im Kongresshaus Bad Ischl der \u00d6ffentlichkeit vor. Beim am Sonntag, 26. Juni stattfindenden Festumzug marschierte die Garde erstmals mit. Der 1. Zug in der Gardeuniform, der 2. Zug im Schwerttanzgewand. Am &hellip; <a href=\"https:\/\/garde-der-stadt-bad-ischl.at\/?page_id=34\" class=\"more-link\"><span class=\"screen-reader-text\">Geschichte der Garde der Stadt Bad Ischl<\/span> weiterlesen<\/a><\/p>\n","protected":false},"author":3,"featured_media":0,"parent":23,"menu_order":20,"comment_status":"closed","ping_status":"closed","template":"","meta":{"ngg_post_thumbnail":0,"footnotes":""},"class_list":["post-34","page","type-page","status-publish","hentry"],"_links":{"self":[{"href":"https:\/\/garde-der-stadt-bad-ischl.at\/index.php?rest_route=\/wp\/v2\/pages\/34","targetHints":{"allow":["GET"]}}],"collection":[{"href":"https:\/\/garde-der-stadt-bad-ischl.at\/index.php?rest_route=\/wp\/v2\/pages"}],"about":[{"href":"https:\/\/garde-der-stadt-bad-ischl.at\/index.php?rest_route=\/wp\/v2\/types\/page"}],"author":[{"embeddable":true,"href":"https:\/\/garde-der-stadt-bad-ischl.at\/index.php?rest_route=\/wp\/v2\/users\/3"}],"replies":[{"embeddable":true,"href":"https:\/\/garde-der-stadt-bad-ischl.at\/index.php?rest_route=%2Fwp%2Fv2%2Fcomments&post=34"}],"version-history":[{"count":11,"href":"https:\/\/garde-der-stadt-bad-ischl.at\/index.php?rest_route=\/wp\/v2\/pages\/34\/revisions"}],"predecessor-version":[{"id":1741,"href":"https:\/\/garde-der-stadt-bad-ischl.at\/index.php?rest_route=\/wp\/v2\/pages\/34\/revisions\/1741"}],"up":[{"embeddable":true,"href":"https:\/\/garde-der-stadt-bad-ischl.at\/index.php?rest_route=\/wp\/v2\/pages\/23"}],"wp:attachment":[{"href":"https:\/\/garde-der-stadt-bad-ischl.at\/index.php?rest_route=%2Fwp%2Fv2%2Fmedia&parent=34"}],"curies":[{"name":"wp","href":"https:\/\/api.w.org\/{rel}","templated":true}]}}