{"id":61,"date":"2020-08-22T22:17:21","date_gmt":"2020-08-22T22:17:21","guid":{"rendered":"http:\/\/localhost\/wordpress\/?page_id=60"},"modified":"2026-03-18T23:16:15","modified_gmt":"2026-03-18T22:16:15","slug":"musikgruppen-am-kathreintanz","status":"publish","type":"page","link":"https:\/\/garde-der-stadt-bad-ischl.at\/?page_id=61","title":{"rendered":"Musikgruppen am Salzkammergut Kathreintanz"},"content":{"rendered":"\n<p>Simon Geigenmusi, Ischler Geigenmusi\/Salzkammergut Geigenmusi, Hollerschnapszuzler, Gosauer Klarinettenmusi, Fensa Geiger<\/p>\n\n\n\n<h4 class=\"wp-block-heading\"><strong>Die Simon Geigenmusi (Simonmusi):<\/strong><\/h4>\n\n\n\n<figure class=\"wp-block-image size-large\"><img loading=\"lazy\" decoding=\"async\" width=\"835\" height=\"1024\" src=\"https:\/\/garde-der-stadt-bad-ischl.at\/wp-content\/uploads\/2020\/09\/Garde-Kathreintanz-Simon-Geigenmusi-835x1024.jpg\" alt=\"Garde der Stadt Bad Ischl Simon Geigenmusi\" class=\"wp-image-51\" srcset=\"https:\/\/garde-der-stadt-bad-ischl.at\/wp-content\/uploads\/2020\/09\/Garde-Kathreintanz-Simon-Geigenmusi-835x1024.jpg 835w, https:\/\/garde-der-stadt-bad-ischl.at\/wp-content\/uploads\/2020\/09\/Garde-Kathreintanz-Simon-Geigenmusi-245x300.jpg 245w, https:\/\/garde-der-stadt-bad-ischl.at\/wp-content\/uploads\/2020\/09\/Garde-Kathreintanz-Simon-Geigenmusi-768x941.jpg 768w, https:\/\/garde-der-stadt-bad-ischl.at\/wp-content\/uploads\/2020\/09\/Garde-Kathreintanz-Simon-Geigenmusi-1253x1536.jpg 1253w, https:\/\/garde-der-stadt-bad-ischl.at\/wp-content\/uploads\/2020\/09\/Garde-Kathreintanz-Simon-Geigenmusi.jpg 1550w\" sizes=\"auto, (max-width: 835px) 100vw, 835px\" \/><figcaption class=\"wp-element-caption\">Simon Geigenmusi<\/figcaption><\/figure>\n\n\n\n<p>Urspr\u00fcnglich handelte es sich um eine Familienmusik der Familie Putz (Hausname Simon) aus Goisern. Nach und nach kamen Bl\u00e5 Lois, Neuper Lois und Hillbrand Fritz (Toifi) dazu. Putz Fritz (Simon) war der einzige, der von der alten Simon Geigenmusi \u00fcbrig geblieben war.<\/p>\n\n\n\n<p>In dieser Besetzung begr\u00fcndete die Simonmusi mit ihrer einzigartigen Spielweise den Ruf des Salzkammergut Kathreintanzes der Garde Bad Ischl. Es war in den 1960-er Jahren nicht einfach, im Salzkammergut eine Musik zu finden, die neben Walzer, Polka Boarischen, Steirer, Landler, Schleunigen und der Perneckerquadrille auch andere Volkst\u00e4nze beherrschte. Da Lois Neuper mit Toifi Fritz auch Volkstanzkurse abhielt, spielte die Simonmusi auch weitere T\u00e4nze. Es reichte, den anderen eine Melodie vorzusummen und sie konnten den Tanz spielen.<\/p>\n\n\n\n<p>Von Beginn an bis 1987 stand die Simonmusi bedingungslos im Dienst der Garde. Als Toifi Fritz sich zur\u00fcckzog, ersetzte ihn nahtlos der damals junge Neuper Klaus und erm\u00f6glichte so jahrelang ein Fortbestehen dieser Traumbesetzung.<\/p>\n\n\n\n<h4 class=\"wp-block-heading\"><strong>Salzkammergut Geigenmusi (vormals Ischler Geigenmusi):<\/strong><\/h4>\n\n\n\n<figure class=\"wp-block-image size-large\"><img loading=\"lazy\" decoding=\"async\" width=\"1024\" height=\"768\" src=\"https:\/\/garde-der-stadt-bad-ischl.at\/wp-content\/uploads\/2020\/09\/Garde-Kathreintanz-2019-Salzkammergut-Geigenmusi-1-1024x768.jpg\" alt=\"Salzkammergut Geigenmusi beim Kathreintanz Bad Ischl 2019 im Kongress- und Theaterhaus\" class=\"wp-image-48\" srcset=\"https:\/\/garde-der-stadt-bad-ischl.at\/wp-content\/uploads\/2020\/09\/Garde-Kathreintanz-2019-Salzkammergut-Geigenmusi-1-1024x768.jpg 1024w, https:\/\/garde-der-stadt-bad-ischl.at\/wp-content\/uploads\/2020\/09\/Garde-Kathreintanz-2019-Salzkammergut-Geigenmusi-1-300x225.jpg 300w, https:\/\/garde-der-stadt-bad-ischl.at\/wp-content\/uploads\/2020\/09\/Garde-Kathreintanz-2019-Salzkammergut-Geigenmusi-1-768x576.jpg 768w, https:\/\/garde-der-stadt-bad-ischl.at\/wp-content\/uploads\/2020\/09\/Garde-Kathreintanz-2019-Salzkammergut-Geigenmusi-1-1536x1152.jpg 1536w, https:\/\/garde-der-stadt-bad-ischl.at\/wp-content\/uploads\/2020\/09\/Garde-Kathreintanz-2019-Salzkammergut-Geigenmusi-1.jpg 1900w\" sizes=\"auto, (max-width: 1024px) 100vw, 1024px\" \/><figcaption class=\"wp-element-caption\">Salzkammergut Geigenmusi beim Kathreintanz Bad Ischl 2019<\/figcaption><\/figure>\n\n\n\n<p>In den 1980-er Jahren spielte diese Geigenmusi schon zwei bis drei Tanzradln am Salzkammergut Kathreintanz.<\/p>\n\n\n\n<p>Alternierend gab es folgende Mitglieder:<br>Ludwig Wiener, Elisabeth Wiener, Ludwig Gschwandtner, Eva Dillinger, Toifi Fritz, Martin Neureiter, Klaus Neuper, Gernot Gf\u00f6llner, Imma Gf\u00f6llner, Fritz Schodterer.<\/p>\n\n\n\n<p>Seit 1988 spielt die Salzkammergut Geigenmusi am Salzkammergut Kathreintanz der Garde Bad Ischl.<\/p>\n\n\n\n<p><\/p>\n\n\n\n<p><b>Musikantinnen\/Musikanten der Salzkammergut Geigenmusi aktuell:<\/b><br>\nImma Gf\u00f6llner:&nbsp;&nbsp;&nbsp;&nbsp;&nbsp;&nbsp;&nbsp;&nbsp;&nbsp;&nbsp;&nbsp;&nbsp;<b>Geige<\/b>, Seitlpfeife<br>\nGunnhild Gf\u00f6llner:&nbsp;&nbsp;&nbsp;&nbsp;&nbsp;&nbsp;<b>Geige<\/b>, Steitlpfeife, Gitarre<br>\nGernot Gf\u00f6llner:&nbsp;&nbsp;&nbsp;&nbsp;&nbsp;&nbsp;&nbsp;&nbsp;&nbsp;&nbsp;&nbsp;<b>Zug<\/b>, Seitlpfeife, Gitarre (usw)<br>\nImke Reisenbichler:&nbsp;&nbsp;&nbsp;&nbsp;<b>Gitarre<\/b><br>\nFritz Schodterer:&nbsp;&nbsp;&nbsp;&nbsp;&nbsp;&nbsp;&nbsp;&nbsp;&nbsp;&nbsp;<b>Bassgeige<\/b>, Trommel, Gitarre\n<\/p>\n\n\n\n<p>Da Gernot und Imma Gf\u00f6llner sowie Fritz Schodterer als Tanzlehrer t\u00e4tig sind, ist es auch in dieser Besetzung m\u00f6glich, ein reichhaltiges Tanzprogramm zu spielen. Was man t\u00e4nzerisch beherrscht, ist auch leichter musikalisch umzusetzen.<\/p>\n\n\n\n<h4 class=\"wp-block-heading\">Gosauer Klarinettenmusi und Hollerschapszuzler<\/h4>\n\n\n\n<p>Diese Gruppierungen traten vereinzelt als Zweitgruppen am Kathreintanz auf, was f\u00fcr klangliche Abwechslung sorgte.<\/p>\n\n\n\n<h4 class=\"wp-block-heading\"><strong>Fensageiger:<\/strong><\/h4>\n\n\n\n<figure class=\"wp-block-image size-large\"><img loading=\"lazy\" decoding=\"async\" width=\"1024\" height=\"678\" src=\"https:\/\/garde-der-stadt-bad-ischl.at\/wp-content\/uploads\/2020\/09\/Garde-Kathreintanz-Fensa-Geiger-1024x678.jpg\" alt=\"Garde der Stadt Bad Ischl Fensageiger\" class=\"wp-image-49\" srcset=\"https:\/\/garde-der-stadt-bad-ischl.at\/wp-content\/uploads\/2020\/09\/Garde-Kathreintanz-Fensa-Geiger-1024x678.jpg 1024w, https:\/\/garde-der-stadt-bad-ischl.at\/wp-content\/uploads\/2020\/09\/Garde-Kathreintanz-Fensa-Geiger-300x199.jpg 300w, https:\/\/garde-der-stadt-bad-ischl.at\/wp-content\/uploads\/2020\/09\/Garde-Kathreintanz-Fensa-Geiger-768x508.jpg 768w, https:\/\/garde-der-stadt-bad-ischl.at\/wp-content\/uploads\/2020\/09\/Garde-Kathreintanz-Fensa-Geiger-1536x1017.jpg 1536w, https:\/\/garde-der-stadt-bad-ischl.at\/wp-content\/uploads\/2020\/09\/Garde-Kathreintanz-Fensa-Geiger.jpg 1900w\" sizes=\"auto, (max-width: 1024px) 100vw, 1024px\" \/><figcaption class=\"wp-element-caption\">Fensageiger<\/figcaption><\/figure>\n\n\n\n<p>Seit einigen Jahren teilen sich die Fensageiger aus dem Ausseerland den Kathreintanz mit der Salzkammergut Geigenmusi. Sie sollen einmal den Kathreintanz zur G\u00e4nze \u00fcbernehmen.<\/p>\n\n\n\n<p><a href=\"https:\/\/www.musikantenpool.at\/die-fensageiger\/\">Homepage der Fensageiger<\/a><\/p>\n\n\n\n<h4 class=\"wp-block-heading\" id=\"ue2Gesangsgruppen\">Gesangsgruppen:<\/h4>\n\n\n\n<p>Alle zwei Jahre wird als Rahmenprogramm der Schwerttanz aufgef\u00fchrt.<\/p>\n\n\n\n<p>In den Zwischenjahren traten das Gm\u00fcndner Quartett, der Goiserer Viergesang, der Ischler Viergesang, die Hollerschnapszuzler, das Vocalensemble Gobal-vocal und der Chor der Salzburger Tanzer in einigen Tanzpausen auf.<\/p>\n\n\n\n<p>\u00a9 Fritz Schodterer<\/p>\n","protected":false},"excerpt":{"rendered":"<p>Simon Geigenmusi, Ischler Geigenmusi\/Salzkammergut Geigenmusi, Hollerschnapszuzler, Gosauer Klarinettenmusi, Fensa Geiger Die Simon Geigenmusi (Simonmusi): Urspr\u00fcnglich handelte es sich um eine Familienmusik der Familie Putz (Hausname Simon) aus Goisern. Nach und nach kamen Bl\u00e5 Lois, Neuper Lois und Hillbrand Fritz (Toifi) dazu. Putz Fritz (Simon) war der einzige, der von der alten Simon Geigenmusi \u00fcbrig geblieben &hellip; <a href=\"https:\/\/garde-der-stadt-bad-ischl.at\/?page_id=61\" class=\"more-link\"><span class=\"screen-reader-text\">Musikgruppen am Salzkammergut Kathreintanz<\/span> weiterlesen<\/a><\/p>\n","protected":false},"author":3,"featured_media":0,"parent":23,"menu_order":40,"comment_status":"closed","ping_status":"closed","template":"","meta":{"ngg_post_thumbnail":0,"footnotes":""},"class_list":["post-61","page","type-page","status-publish","hentry"],"_links":{"self":[{"href":"https:\/\/garde-der-stadt-bad-ischl.at\/index.php?rest_route=\/wp\/v2\/pages\/61","targetHints":{"allow":["GET"]}}],"collection":[{"href":"https:\/\/garde-der-stadt-bad-ischl.at\/index.php?rest_route=\/wp\/v2\/pages"}],"about":[{"href":"https:\/\/garde-der-stadt-bad-ischl.at\/index.php?rest_route=\/wp\/v2\/types\/page"}],"author":[{"embeddable":true,"href":"https:\/\/garde-der-stadt-bad-ischl.at\/index.php?rest_route=\/wp\/v2\/users\/3"}],"replies":[{"embeddable":true,"href":"https:\/\/garde-der-stadt-bad-ischl.at\/index.php?rest_route=%2Fwp%2Fv2%2Fcomments&post=61"}],"version-history":[{"count":14,"href":"https:\/\/garde-der-stadt-bad-ischl.at\/index.php?rest_route=\/wp\/v2\/pages\/61\/revisions"}],"predecessor-version":[{"id":1743,"href":"https:\/\/garde-der-stadt-bad-ischl.at\/index.php?rest_route=\/wp\/v2\/pages\/61\/revisions\/1743"}],"up":[{"embeddable":true,"href":"https:\/\/garde-der-stadt-bad-ischl.at\/index.php?rest_route=\/wp\/v2\/pages\/23"}],"wp:attachment":[{"href":"https:\/\/garde-der-stadt-bad-ischl.at\/index.php?rest_route=%2Fwp%2Fv2%2Fmedia&parent=61"}],"curies":[{"name":"wp","href":"https:\/\/api.w.org\/{rel}","templated":true}]}}